e w(14).
-379
Let b(d) = 32*d**2 + 812*d - 82. Calculate b(-23).
-1830
Let r(z) = -z**3 - 117*z**2 - 35*z - 5160. What is r(-117)?
-1065
Let t(m) = -5*m**2 + 404*m - 7406. What is t(59)?
-975
Let z(m) = m**2 + 20*m - 686. Determine z(-37).
-57
Let y(x) = -18708*x + 1084939. Calculate y(58).
-125
Let a(f) = -118*f**2 - 4384*f + 38. Calculate a(-37).
704
Let t(n) = 7*n**2 - 8771*n + 421061. Calculate t(50).
11
Let j(b) = -963*b - 23716. Give j(-25).
359
Let j(o) = 1386*o + 22783. Give j(-17).
-779
Let j(y) = -52127*y - 8392454. Determine j(-161).
-7
Let y(d) = -15645*d + 265969. What is y(17)?
4
Let j(h) = -965*h - 4752. Give j(-4).
-892
Let i(x) = -94367*x**2 + 566194*x + 25. Give i(6).
-23
Let v(g) = -3*g**3 - 64*g**2 + 460*g + 9153. Calculate v(-22).
1
Let q(n) = -3*n**3 + 137*n**2 - 70*n - 900. What is q(45)?
0
Let r(n) = -149*n + 17498. Calculate r(107).
1555
Let w(y) = -187248*y - 3370476. Calculate w(-18).
-12
Let h(z) = -7*z**2 + 845*z + 1349. Give h(122).
251
Let g(w) = w**3 - 3*w**2 - 869*w - 6. Determine g(31).
-37
Let w(f) = -f**3 + 411*f**2 - 2030*f - 45. What is w(5)?
-45
Let m(n) = 6*n**3 + 87*n**2 + 126*n + 131. Determine m(-13).
14
Let j(p) = 251*p - 13820. Calculate j(54).
-266
Let l(i) = 433*i**3 + 866*i**2 + 4*i + 4. What is l(-2)?
-4
Let l(o) = -76*o - 9342. Determine l(-57).
-5010
Let i(l) = 3*l**3 + 11*l**2 - 408*l + 42. What is i(-14)?
-322
Let m(v) = -1834*v - 49488. Give m(-27).
30
Let n(z) = z**3 - 377*z**2 + 1492*z - 6. Calculate n(4).
-6
Let n(p) = 22*p**2 + 10580*p - 10579. Calculate n(1).
23
Let v(s) = -2*s**3 + 726*s**2 - 1453*s + 3238. Give v(361).
-11
Let c(p) = -p**3 - 172*p**2 + 354*p + 1111. What is c(-174)?
67
Let m(i) = -i**2 - 2975*i + 282305. Give m(92).
141
Let l(i) = -i**3 - 90*i**2 + 177*i - 205. Determine l(-92).
439
Let w(f) = 28*f**2 + 35*f - 111. What is w(7)?
1506
Let b(c) = -c**3 + 132*c**2 + 196*c - 8476. Determine b(133).
-97
Let z(k) = k**2 + 14*k + 1171. Give z(-28).
1563
Let f(l) = l**2 - 531*l - 303740. Calculate f(-347).
926
Let p(w) = -4*w**3 - 41*w**2 + 920*w + 5119. Determine p(-5).
-6
Let n(s) = 312*s - 60284. Give n(193).
-68
Let w(l) = -6506*l + 78056. What is w(12)?
-16
Let o(w) = -w**2 + 5805*w + 435025. What is o(-74)?
-21
Let q(p) = p**3 - 14*p**2 + 135*p - 451. Determine q(5).
-1
Let m(l) = -2*l**3 - 294*l**2 - 297*l - 43653. What is m(-147)?
6
Let d(g) = -g**3 - 27*g**2 + 6293*g + 51438. Give d(-8).
-122
Let n(o) = o**3 + 22*o**2 + 171*o + 2362. Determine n(-20).
-258
Let t(y) = -y**3 - 180*y**2 + 567*y + 2867. Calculate t(-183).
-427
Let l(c) = 7*c**2 + 24*c + 464. Determine l(-19).
2535
Let f(a) = 16713*a - 902494. What is f(54)?
8
Let t(z) = -126787*z + 253583. Calculate t(2).
9
Let r(s) = -s**3 + 9*s**2 - 103232*s + 412852. Calculate r(4).
4
Let n(d) = 5347*d + 1040. What is n(0)?
1040
Let h(q) = 22018*q**2 + 66046*q - 28. Calculate h(-3).
-4
Let o(b) = -3*b**2 - 28358*b + 170177. Give o(6).
-79
Let x(m) = 1399*m + 657517. Give x(-470).
-13
Let n(d) = -14686*d + 190926. What is n(13)?
8
Let a(c) = 7*c**2 - 1336*c + 20532. Give a(174).
0
Let j(q) = q**3 + 60*q**2 - 175*q - 339. Calculate j(-63).
-1221
Let s(q) = 30*q**3 + q**2 + 25*q - 48. Calculate s(0).
-48
Let a(c) = -430*c**2 - 33548*c - 41. What is a(-78)?
583
Let u(x) = 19647*x - 98227. What is u(5)?
8
Let t(d) = 173*d + 10965. Give t(-63).
66
Let u(s) = -2*s**3 - 533*s**2 + 410*s + 38172. Determine u(-267).
-9
Let q(w) = -1242*w + 83422. Give q(67).
208
Let t(u) = 218*u - 2446. What is t(14)?
606
Let w(f) = f**2 - 167*f + 6449. Give w(61).
-17
Let g(w) = -5*w**3 - 885*w**2 - 38247*w + 204. Determine g(-75).
-21
Let m(d) = -5*d**3 - 2708*d**2 - 4324*d - 2235. Give m(-540).
-75
Let b(x) = -2*x**3 + 167*x**2 + 4511*x + 474. What is b(105)?
54
Let g(z) = -z**3 - 32*z**2 - 7151*z - 152482. What is g(-22)?
0
Let i(j) = 47*j**2 - 1022*j - 1090. Give i(-1).
-21
Let h(j) = 3*j**3 + 3*j**2 - 19*j - 196. Determine h(-6).
-622
Let p(k) = -96046*k + 2785334. Calculate p(29).
0
Let f(q) = -85998*q + 257980. Give f(3).
-14
Let z(g) = 86*g + 1556. Calculate z(-15).
266
Let k(m) = 6*m**3 - 2*m**2 + 30*m - 81. Determine k(4).
391
Let h(x) = -25*x**2 + 629*x - 3615. Calculate h(16).
49
Let v(f) = -70*f**2 + 15333*f - 502. Determine v(219).
155
Let h(p) = p**3 - 132*p**2 + 1851*p + 512. Give h(116).
-68
Let b(l) = -3*l**2 + 1279*l + 16101. Give b(-13).
-1033
Let r(g) = -42*g**3 - 26*g**2 - 43*g - 13. What is r(-2)?
305
Let s(n) = n**3 - 31*n**2 - 207*n + 30. What is s(-6)?
-60
Let q(l) = -2*l**2 + 186*l - 1639. Determine q(22).
1485
Let j(f) = -21*f**3 - 861*f**2 - 27*f - 1065. Give j(-41).
42
Let d(u) = -9*u**3 - 458*u**2 + 69*u - 307. Calculate d(-51).
-1225
Let s(m) = 3413*m + 19176. What is s(-7)?
-4715
Let m(t) = -t**3 + 63*t**2 - 686*t - 96. Calculate m(14).
-96
Let s(g) = -2*g**3 - 83*g**2 - 416*g - 14969. What is s(-41)?
406
Let j(p) = 14*p**2 + 1523*p - 12079. Calculate j(8).
1001
Let p(s) = -20138*s + 40473. What is p(2)?
197
Let n(g) = 43*g**2 - 9669*g + 135354. Give n(15).
-6
Let w(s) = -333*s + 42245. What is w(127)?
-46
Let g(c) = -c**2 + 3715*c - 18530. Give g(5).
20
Let u(h) = -10186*h**2 + 61103*h + 84. Calculate u(6).
6
Let v(r) = 2*r**2 + 52*r + 451. Determine v(-22).
275
Let b(i) = i**2 - 36588*i + 1680936. Calculate b(46).
4
Let p(t) = -16*t**3 + 270*t**2 + 91*t - 1009. Calculate p(17).
-40
Let s(u) = 2931*u + 178734. Calculate s(-61).
-57
Let v(a) = 33*a**2 + 116*a - 799. Determine v(-7).
6
Let k(f) = 1842*f - 92091. Determine k(50).
9
Let a(n) = -10*n**3 + 2194*n**2 - 897*n + 375. Calculate a(219).
-4224
Let a(q) = 10744*q**2 - 85949*q - 41. Determine a(8).
-17
Let t(u) = -7*u**2 - 431*u - 2659. What is t(-55)?
-129
Let b(h) = -h**3 - 38*h**2 + 2259*h + 83904. What is b(-36)?
-12
Let g(p) = -97645*p - 2050545. Calculate g(-21).
0
Let k(l) = -107*l - 11391. Determine k(-102).
-477
Let l(h) = h**3 - 258*h**2 + 1245*h + 5110. Determine l(253).
50
Let j(l) = 62771*l - 1004357. Give j(16).
-21
Let d(h) = 998*h + 4238. Determine d(-4).
246
Let l(n) = -13141*n + 26544825. Calculate l(2020).
5
Let p(y) = -y**2 - 234*y + 9310. Determine p(35).
-105
Let j(o) = 3*o**3 - 125*o**2 + 125*o - 1811. Calculate j(41).
-48
Let r(m) = -3*m**2 - 3613*m - 149822. Give r(-43).
-10
Let z(r) = 35*r - 5002. What is z(113)?
-1047
Let c(y) = y**2 - 1776*y - 1410815. Calculate c(-595).
-70
Let v(x) = -629744*x - 1259515. Give v(-2).
-27
Let j(q) = 1615*q**2 + 3231*q + 16. Give j(-2).
14
Let n(d) = d**3 + 19*d**2 - 48*d - 428. Give n(-23).
-1440
Let h(j) = 26*j**2 + 1069*j + 10946. What is h(-19)?
21
Let g(h) = -556*h**3 - 2*h**2 - 97*h + 99. What is g(1)?
-556
Let c(z) = z**2 - 301*z - 67662. What is c(-150)?
-12
Let w(n) = 10*n**3 + 679*n**2 + 606*n + 32. What is w(-67)?
-169
Let a(i) = -5*i**2 + 1143*i - 65214. Calculate a(110).
16
Let d(p) = 2*p**2 - 324*p - 3744. What is d(172)?
-304
Let m(b) = 3679*b + 291483. Calculate m(-79).
842
Let r(a) = 2337*a + 107508. Determine r(-46).
6
Let k(s) = s**2 - 123393*s - 246795. What is k(-2)?
-5
Let p(t) = -57810*t + 115759. Calculate p(2).
139
Let r(a) = -497*a**2 + 61*a + 61. Calculate r(-1).
-497
Let r(j) = 2*j**3 + 62*j**2 + 9347*j + 289761. What is r(-31)?
4
Let o(c) = -2*c**2 - 504*c - 26746. What is o(-76)?
6
Let z(a) = 2936*a**2 - 38*a + 2. Determine z(1).
2900
Let b(j) = -j**2 + 51*j - 259. Calculate b(5).
-29
Let o(r) = 52*r + 2268. Determine o(-74).
-1580
Let z(p) = -12026*p - 48383. Calculate z(-4).
-279
Let m(p) = 342*p - 2584. Calculate m(8).
152
Let s(j) = -303920*j + 10333272. Give s(34).
-8
Let m(n) = -n**2 - 197*n + 49279. Calculate m(140).
2099
Let j(h) = 4*h**3 + 152*h**2 + 146*h + 79. Calculate j(-37).
153
Let x(d) = 2407*d + 3374597. Calculate x(-1402).
-17
Let q(i) = i**2 + 1578*i + 611109. Calculate q(-898).
469
Let k(j) = j**2 - 16*j - 770. Determine k(34).
-158
Let m(o) = o**3 - 20*o**2 + 8*o + 33. Give m(13).
-1046
Let x(j) = -55*j**2 + 50104*j + 894. Give x(911).
-17
Let f(d) = d**2 - 140*d - 1454. Determine f(-10).
46
Let f(y) = 300*y - 4804. Determine f(16).
-4
Let p(q) = -806*q + 36287. Give p(45).
17
Let r(j) = -102775*j + 1. Calculate r(0).
1
Let c(x) = 50392*x + 352662. Give c(-7).
-82
Let y(c) = 2*c**2 - 7191*c + 4851902. Give y(900).
2
Let b(w) = -28*w**2 - 45*